t common factor of 12 and a?
12
Suppose -24 = -2*m + 6*m. Let h(f) = -f**2 - 1. Let k be h(m). Let s = k - -202. What is the greatest common divisor of s and 15?
15
Let z(w) = 57*w**2 + w. Let m be z(-1). What is the greatest common divisor of 7 and m?
7
Suppose -80 - 22 = -2*d. Suppose -4*j - 11 = -d. What is the highest common factor of j and 30?
10
Let g be (1 - 2)/(3/(-81)). Suppose 2*h - 10 = v, 4*h + 4*v = 3*h + 14. Suppose 6*a = 4*a + h. What is the greatest common divisor of g and a?
3
Suppose -2*t - u = 2*u - 104, 0 = 5*t + 5*u - 265. What is the greatest common factor of t and 5?
5
Suppose -4*u + 17 + 7 = 0. Let y = 10 - u. Suppose -l - 84 = -y*l. Calculate the greatest common divisor of l and 4.
4
Suppose 5*h = -25 + 30. Calculate the highest common factor of 4 and h.
1
Suppose 350 + 274 = 13*l. What is the highest common divisor of 80 and l?
16
Let f be (-2)/(6/9) + 1661. Let n be f/6 - (-1)/(-3). Suppose 0 = 4*k + 24 - n. Calculate the greatest common divisor of k and 9.
9
Let f(o) = o**2 - 2*o + 3. Let h(l) = l**2 + 2*l + 2. Let g be h(-2). Let r be f(g). Calculate the highest common factor of r and 3.
3
Let f = 6 - 2. Let n = 8 - f. Suppose n*m + m = 250. What is the greatest common factor of 10 and m?
10
Let c = -14 - -34. Calculate the highest common divisor of c and 4.
4
Suppose 3*v - 21 = -4*c, 2*v - c = -1 + 4. Let q be -12*3/(v/(-1)). What is the highest common factor of q and 12?
12
Let y be (20/(-18)*6)/(2/(-3)). Calculate the greatest common factor of 25 and y.
5
Let c = 0 - -1. Let p = -17 - -28. What is the greatest common divisor of p and c?
1
Let i be 0 + -1 + 5 + -3. Suppose -q + 6 = i. Suppose -160 = -0*p - 4*p. Calculate the greatest common divisor of p and q.
5
Suppose 2*l + 2*u = 10, u + 0*u + 37 = 5*l. Suppose l = 2*p - 13. Calculate the greatest common divisor of p and 20.
10
Suppose -3*n - 17 = -f, -1 = 3*f + 2*n + 3. Suppose 0 = f*q + 8 - 4, t + 3*q = 1. Calculate the highest common factor of 14 and t.
7
Let y(q) = -q**3 + 5*q**2 + 9*q - 4. Suppose -5*h - 2*h + 42 = 0. Let o be y(h). What is the highest common factor of 21 and o?
7
Suppose 4*k - 16 = 2*k. Let s = 13 + -18. Let f = 13 + s. What is the highest common factor of f and k?
8
Suppose 45 = u + m, m = -0*m. What is the greatest common factor of u and 5?
5
Let t = 18 - 12. Calculate the greatest common divisor of t and 54.
6
Let s(r) = r**3 - r**2 - r - 1. Let o = -5 + 8. Let k be s(o). What is the highest common factor of 7 and k?
7
Let p = 28 - -27. Calculate the highest common factor of 22 and p.
11
Let i = 171 - 11. What is the highest common divisor of 20 and i?
20
Let w(x) be the second derivative of -x**3/6 + 9*x**2/2 - 2*x. Let k be w(6). Calculate the highest common factor of k and 27.
3
Let j = 8 - 6. Let f be j/(-4) - 92/(-8). What is the highest common divisor of 1 and f?
1
Suppose 2*j + 3*d = -2*d - 57, 4*j - 3*d = -49. Let l be 4/j + (-161)/(-4). Calculate the greatest common factor of 4 and l.
4
Let c = -4 + 7. Suppose n = -c*n + 280. Suppose -3*a + 45 - 7 = -4*y, 4*a - 44 = 2*y. What is the highest common divisor of n and a?
10
Suppose -5*t + 10 = -3*t. Suppose 0 = 2*o + t*w - 17, o = 8*w - 3*w + 31. Calculate the greatest common factor of 2 and o.
2
Suppose 5*g + 95 = 5*h, -3*h + 2*h - 5*g = 5. What is the highest common divisor of 10 and h?
5
Let n = -8 - -23. Let q = 36 + -26. Suppose q = 3*u + 2*p - 5, -3*p = -3*u. What is the highest common factor of n and u?
3
Suppose 4 = 4*d + 2*i, 3*d + 5*i - 10 = -2*d. Let y(x) = -x**2 + x + 4. Let u be y(d). Calculate the highest common factor of u and 44.
4
Let j be 8/20 + (-73)/(-5). Let d be (-1)/(-3) - (-496)/6. Let x = d + 52. What is the greatest common factor of x and j?
15
Let d = -8 - -15. Let s be (-6)/(-4)*(-4)/(-6). What is the highest common factor of d and s?
1
Let r be 2/(-4)*1*-64. Suppose 4*v - r = -4*k - 0*v, k - 4*v = -17. Suppose k*s - 12 = 30. What is the highest common factor of s and 2?
2
Let u = 9 + -18. Let w(x) = -x - 1. Let o be w(u). Calculate the highest common divisor of o and 88.
8
Let m(g) = 2*g + 3. Let p be m(9). Let a = -386 + 642. Let z = -151 + a. What is the greatest common factor of z and p?
21
Let f = -25 - -53. Calculate the greatest common factor of 7 and f.
7
Suppose h = -7 + 16. Suppose -4*f = 5*u + 40 - 169, -3*f - 2*u = -102. Calculate the greatest common divisor of h and f.
9
Suppose -5*h + b + 90 = -4*b, -h - 4*b - 7 = 0. Let o(w) = w**3 + 9*w**2 + 6. Let p be o(-7). What is the greatest common divisor of p and h?
13
Let c = 34 - 26. Suppose 0 = -v - 4*m + 60, v - 3*m + 0 = 25. Calculate the greatest common divisor of v and c.
8
Let a(o) = 7*o**2 - 2*o + o**3 + 7*o - 3*o. Let q be a(-6). What is the greatest common factor of 72 and q?
24
Suppose -2*c - 2*c + 96 = 0. Suppose 4*z - t - 4 = 50, -2*z + c = t. Let l be 182/(-8)*(0 + -4). What is the highest common factor of z and l?
13
Let u(i) = i**2 - 5*i + 9. Let q = 8 + -2. Let k be u(q). Calculate the greatest common factor of 6 and k.
3
Let r be 5 - (4 + -117) - -1*3. Calculate the highest common factor of 11 and r.
11
Let o(u) = u - 5. Let v be (-3)/(-2)*(-20)/(-6). Let s be o(v). Let a = 1 - s. What is the highest common divisor of a and 9?
1
Suppose 4*k - 5*c = 6, 22 = 5*k + 3*c - 2*c. Calculate the highest common factor of 12 and k.
4
Suppose -13 - 72 = -5*t. Calculate the greatest common divisor of t and 187.
17
Let q(o) = -3*o - 1. Let h be q(-2). Let v be 497/h - 2/5. Let j be -1 + (2 - 2) - -10. Calculate the greatest common factor of j and v.
9
Let y be 39*(1/3 - 0). Suppose -p - 4*u = -y, -2*p - 2*u - 7 = -3*p. What is the highest common divisor of 1 and p?
1
Let c be -234*6/(-9)*1. Let j = -76 + c. What is the highest common divisor of j and 8?
8
Let j(o) = 2*o**2 - o + 2. Let i = 6 + -6. Let n = i + -2. Let x be j(n). Calculate the highest common factor of x and 3.
3
Let j be 183/21 - 2/(-7). Suppose -k - 4*k - 2510 = -2*t, k - 4*t + 502 = 0. Let q be (-12)/(-42) - k/7. Calculate the highest common divisor of j and q.
9
Let d = 7 + -5. Let j = 0 - -4. Suppose -3*y = -5*c - 176, -d*y - 3*c - 116 = -j*y. Calculate the greatest common factor of y and 13.
13
Suppose w - 8*w + 224 = 0. Suppose 2*m - 4*j = w, 0*m - 2*j - 34 = -4*m. Calculate the highest common factor of 12 and m.
6
Let b be 0*(1 + 2*-1). Let y be 4 + -2 + 10 + b. Suppose -3*k + 40 = g, -2*g - g - y = -2*k. What is the highest common divisor of 4 and k?
4
Suppose 3*k - 5*d - 92 = 0, -2*k - 142 = -6*k - 3*d. What is the greatest common factor of k and 51?
17
Let m(z) = z**3 + 4*z**2 - 5*z - 4. Let p be m(-4). Let t = 121 + 23. What is the greatest common factor of t and p?
16
Let y(z) = z - 1. Let c be y(5). Suppose -i + c = i. Suppose -3*q - q = -8. What is the highest common divisor of q and i?
2
Let h = 9 - -66. Let a = h - 112. Let p = 58 - a. What is the greatest common divisor of 19 and p?
19
Let f(o) = -2*o**2 - 2*o + 1. Let w be f(1). Let x be 14 - (w - 2 - -3). What is the greatest common divisor of x and 128?
16
Let n be ((-154)/33)/(2/(-15)). Let o be (-186)/(-10) - (-14)/n. Calculate the highest common factor of o and 76.
19
Let z(t) = t**2 - 8*t + 10. Let l be z(7). Let v(y) = -3*y**2 + 1 - 2*y**2 + y**l + 8*y**2 + 2*y. Let k be v(-2). What is the highest common factor of 5 and k?
1
Suppose 5*w - 71 = 9. Let o(s) = 4*s - 4. Let x be o(5). Calculate the highest common divisor of x and w.
16
Let v = 132 + -60. Suppose -h + 11 = -s + 2*s, 5*h - 5*s = 25. What is the greatest common factor of v and h?
8
Let p(y) = -2*y**2 + 18*y + 1. Let l be p(7). Calculate the highest common factor of 261 and l.
29
Let s = 215 - 305. Let o = 160 + s. Suppose -5*m = 2*p - 25, -5 + 31 = 3*m - p. What is the greatest common factor of m and o?
7
Suppose 2*g + 58 = t, 5*g + 347 - 37 = 5*t. Calculate the highest common factor of t and 11.
11
Suppose 3*r - 4*l = -l + 15, 4*r - 5*l - 23 = 0. Suppose -5*o - 13 + 48 = -r*g, 0 = -2*o - 3*g + 33. What is the greatest common divisor of o and 1?
1
Suppose 0 = -c + 3*g + 25, -4*c - 3*g = g - 20. Let y = 49 + -29. Calculate the greatest common factor of c and y.
10
Suppose -2*t - 28 = -4*k, 0 = -3*t + 4*t. What is the highest common factor of 21 and k?
7
Let y = 235 - 135. What is the high